visor of 5549744 and 938.
134
Calculate the greatest common factor of 58529 and 21935.
107
What is the highest common divisor of 20 and 11111290?
10
What is the greatest common divisor of 16158 and 172895986?
5386
What is the greatest common factor of 21591498 and 3774?
222
Calculate the highest common factor of 6337278 and 324.
162
What is the highest common factor of 19991 and 8?
1
What is the highest common factor of 8211 and 2740519?
391
What is the highest common factor of 13673 and 3681992?
113
Calculate the greatest common factor of 362598 and 30.
6
Calculate the highest common factor of 70928 and 26611299.
4433
Calculate the greatest common divisor of 37170094 and 26.
26
What is the highest common divisor of 218 and 814231526?
218
What is the highest common divisor of 26075 and 9536975?
175
What is the highest common divisor of 1136193 and 658183?
3677
What is the greatest common factor of 193019382 and 526?
526
Calculate the highest common factor of 287804 and 15004.
1364
Calculate the highest common factor of 60 and 12075500.
20
What is the greatest common factor of 201983650 and 1650?
550
What is the highest common factor of 11396303 and 79?
79
Calculate the highest common divisor of 5984 and 206027624.
1496
Calculate the greatest common divisor of 2714714 and 8950.
358
Calculate the highest common divisor of 241425 and 25308.
333
Calculate the highest common factor of 1001 and 702793.
91
What is the highest common factor of 39690410 and 17595?
1955
Calculate the highest common divisor of 25 and 5374456425.
25
What is the highest common divisor of 2556144 and 75?
3
Calculate the greatest common factor of 15048 and 1642707.
99
What is the highest common factor of 13893038 and 166?
166
What is the highest common divisor of 5947 and 60342644?
313
Calculate the greatest common factor of 11211808 and 17.
1
Calculate the highest common divisor of 1349 and 78554968.
1349
Calculate the greatest common factor of 134136960 and 95.
95
What is the greatest common factor of 9935 and 2095?
5
What is the highest common divisor of 297325 and 74725?
175
Calculate the greatest common factor of 3161348 and 1856.
116
What is the greatest common divisor of 518495 and 245?
5
Calculate the highest common divisor of 234 and 150540.
78
What is the highest common factor of 3873600 and 700?
100
Calculate the highest common divisor of 61771 and 274067.
223
What is the highest common factor of 1337 and 3210137?
1337
Calculate the highest common divisor of 4473018 and 570.
114
What is the highest common divisor of 15005 and 17747914?
3001
Calculate the highest common divisor of 5 and 3463650.
5
Calculate the greatest common factor of 2128 and 2603760.
304
What is the highest common factor of 20 and 37570180?
20
Calculate the highest common divisor of 23368646 and 154.
14
What is the greatest common factor of 15611997 and 8310?
831
What is the greatest common factor of 287794 and 3458?
26
Calculate the highest common divisor of 938546 and 4118842.
5978
What is the greatest common factor of 6486 and 3924406?
94
Calculate the highest common factor of 36192 and 168519.
1131
What is the greatest common divisor of 5203685 and 30295?
415
Calculate the greatest common factor of 72409130 and 106.
106
Calculate the highest common divisor of 166393255 and 2590.
1295
What is the greatest common factor of 331477272 and 126?
126
What is the highest common divisor of 1148 and 829094?
14
What is the highest common factor of 470 and 1528205?
235
Calculate the highest common divisor of 543864 and 510.
102
Calculate the highest common factor of 18200 and 289928.
8
What is the highest common divisor of 79068172 and 123?
41
What is the highest common factor of 103 and 35170483?
103
What is the greatest common factor of 79753457 and 14?
7
What is the highest common factor of 10 and 36341240?
10
Calculate the greatest common factor of 530484 and 3072.
12
What is the greatest common factor of 390 and 466950354?
78
What is the greatest common divisor of 3692378 and 398971?
1517
Calculate the highest common factor of 266014067 and 23092.
5773
Calculate the greatest common factor of 484 and 125845324.
484
Calculate the highest common divisor of 89 and 70088746.
89
Calculate the greatest common factor of 1072647 and 2832.
3
What is the greatest common factor of 732271305 and 8835?
8835
What is the greatest common divisor of 14227 and 64411?
41
Calculate the greatest common divisor of 235648 and 616.
56
Calculate the highest common divisor of 964 and 525956.
4
Calculate the greatest common factor of 32801881 and 151.
151
What is the greatest common divisor of 223554 and 26862?
222
Calculate the highest common factor of 275 and 1664225.
25
What is the highest common factor of 2607 and 741810?
237
Calculate the highest common divisor of 128294800 and 4128.
688
What is the highest common factor of 6 and 2145192?
6
Calculate the highest common factor of 331785 and 2375055.
3285
What is the highest common divisor of 9010864 and 76?
76
What is the greatest common divisor of 748455 and 86715?
615
Calculate the highest common divisor of 434 and 2445466.
62
What is the greatest common factor of 8350 and 173100?
50
Calculate the greatest common factor of 172937732 and 88.
44
Calculate the highest common divisor of 1159918 and 3521.
503
Calculate the greatest common divisor of 16470 and 2572370.
610
Calculate the highest common divisor of 11642 and 38.
2
Calculate the greatest common divisor of 3239 and 4288831158.
3239
Calculate the highest common divisor of 61690270 and 70.
10
What is the highest common factor of 217692531 and 406?
203
What is the highest common divisor of 3679 and 29497?
13
What is the highest common factor of 85445 and 206554?
743
Calculate the highest common divisor of 363531 and 2352.
147
Calculate the highest common divisor of 2684860 and 292.
4
Calculate the greatest common divisor of 147 and 8677459.
49
What is the greatest common factor of 5912810 and 870?
290
What is the highest common factor of 89863248 and 5264?
752
What is the highest common factor of 5365 and 1907649?
29
What is the greatest common factor of 65434435 and 25?
5
Calculate the greatest common factor of 6470748 and 324.
36
What is the greatest common divisor of 18 and 12545898?
6
Calculate the greatest common factor of 36794281 and 197.
197
What is the greatest common factor of 228855 and 7508325?
3135
Calculate the greatest common divisor of 6 and 9400062.
6
What is the highest common factor of 192 and 966650496?
192
Calculate the greatest common divisor of 19226571 and 26.
13
Calculate the highest common divisor of 3355 and 485011.
61
Calculate the highest common factor of 1650207571 and 218.
109
Calculate the greatest common divisor of 83068 and 147555.
1093
Calculate the greatest common factor of 6410 and 2554660630.
6410
Calculate the highest common factor of 12624764 and 1316.
188
Calculate the highest common divisor of 184 and 14398782.
46
Calculate the greatest common divisor of 2376 and 8827236.
396
What is the greatest common divisor of 423 and 7465284?
9
What is the greatest common factor of 6020338 and 24258?
622
Calculate the greatest common divisor of 613646 and 374.
22
Calculate the greatest common divisor of 140 and 7648445.
35
What is the highest common divisor of 2798096 and 350?
14
What is the highest common factor of 41 and 884657?
41
Calculate the greatest common factor of 3708 and 8393676.
1236
What is the greatest common factor of 4856 and 720509?
607
Calculate the greatest common factor of 277587 and 5458590.
1863
What is the greatest common divisor of 112 and 193064?
8
What is the greatest common divisor of 19778936 and 39128?
536
Calculate the highest common divisor of 140 and 18632565.
35
Calculate the highest common factor of 1 and 18860548.
1
Calculate the highest common factor of 224737130 and 285.
95
What is the greatest common divisor of 834100 and 2?
2
What is the highest common divisor of 1198850758 and 2254?
2254
Calculate the greatest common factor of 14023518 and 1036.
74
Calculate the greatest common factor of 23920 and 11685518.
598
Calculate the highest common factor of 397 and 2842123.
397
Calculate the greatest common divisor of 306770346 and 4338.
4338
Calcula